{"id":2,"date":"2025-01-06T19:38:59","date_gmt":"2025-01-06T19:38:59","guid":{"rendered":"https:\/\/turkescort.vip\/?page_id=2"},"modified":"2025-01-06T19:48:30","modified_gmt":"2025-01-06T19:48:30","slug":"sample-page","status":"publish","type":"page","link":"https:\/\/turkescort.vip\/","title":{"rendered":"\u0130stanbul Escort | Escort \u0130stanbul | \u0130stanbul T\u00fcrk Escort"},"content":{"rendered":"<div id=\"result\" data-v-5be9da9d=\"\">Beyler, size biraz kendimden ve sunabilece\u011fim \u00f6zel hizmetlerden bahsetmek istiyorum. Ad\u0131m Ay\u015fe ve bir \u0130stanbul escort olarak \u00e7al\u0131\u015fmaktay\u0131m.<\/div>\n<div data-v-5be9da9d=\"\">\u00a0<\/div>\n<div data-v-5be9da9d=\"\">Genelde beylere olan birlikteli\u011fim konusundaki tecr\u00fcbelerim ve deneyimlerimden dolay\u0131 olduk\u00e7a talep g\u00f6rmekteyim. K\u0131sa bir s\u00fcrede elde etti\u011fim deneyimler ve bilgi birikimlerim ile \u0130stanbul&#8217;un en \u00e7ok tercih edilen ve en pop\u00fcler escortlar\u0131ndan biri haline geldim.<\/div>\n<div data-v-5be9da9d=\"\">\u00a0<\/div>\n<div data-v-5be9da9d=\"\">Bir bayandan ne istedi\u011finizi \u00e7ok iyi biliyorum. Uzun saatler boyunca s\u00fcren ara\u015ft\u0131rmalar ve farkl\u0131 deneyimler sonucunda size sunaca\u011f\u0131m hizmetlerin tad\u0131n\u0131 \u00e7\u0131karman\u0131z i\u00e7in ihtiyac\u0131n\u0131z olan her \u015feyi bir arada sunmak \u00fczere bilgilerimi g\u00fcncelledim. Fiziksel \u00f6zelliklerime gelince, 55 kiloyum ve 1.70 boyunday\u0131m. Bronz tenim ve koyu kahve sa\u00e7lar\u0131m ile do\u011fal T\u00fcrk g\u00fczelli\u011fine sahibim.<\/div>\n<div data-v-5be9da9d=\"\"><img loading=\"lazy\" decoding=\"async\" class=\"alignnone size-full wp-image-12\" src=\"https:\/\/turkescort.vip\/wp-content\/uploads\/2025\/01\/turk-escort.webp\" alt=\"\" width=\"1024\" height=\"1024\" srcset=\"https:\/\/turkescort.vip\/wp-content\/uploads\/2025\/01\/turk-escort.webp 1024w, https:\/\/turkescort.vip\/wp-content\/uploads\/2025\/01\/turk-escort-300x300.webp 300w, https:\/\/turkescort.vip\/wp-content\/uploads\/2025\/01\/turk-escort-150x150.webp 150w, https:\/\/turkescort.vip\/wp-content\/uploads\/2025\/01\/turk-escort-768x768.webp 768w\" sizes=\"auto, (max-width: 1024px) 100vw, 1024px\" \/><\/div>\n<div data-v-5be9da9d=\"\">\u00a0<\/div>\n<div data-v-5be9da9d=\"\">G\u00f6zlerim, onlara bakmaktan kendinizi alamayaca\u011f\u0131n\u0131z kahverengidir. Her t\u00fcrl\u00fc hizmeti sunuyorum. \u0130ster bir e\u015flik hizmeti, ister bir gece boyunca size e\u015flik etmek, ister samimi bir sohbet ya da romantik bir ak\u015fam yeme\u011fi olsun, iste\u011finize ba\u011fl\u0131 olarak t\u00fcm bu hizmetleri ve daha fazlas\u0131n\u0131 sa\u011flayabilirim. Escort hizmetimi hem yerel hem de uluslararas\u0131 seyahatlerde sunabilirim. Bir i\u015f gezisine veya romantik bir tatil ka\u00e7ama\u011f\u0131na e\u015flik edebilirim. Uzun ve k\u0131sa vadeli randevularda mevcut olmakla beraber, \u00f6zel isteklerinize de yan\u0131t verebilirim.<\/div>\n<div data-v-5be9da9d=\"\">\u00a0<\/div>\n<div data-v-5be9da9d=\"\">Her t\u00fcrl\u00fc etkinlik ve sosyal etkinlik i\u00e7in uygunum; gerekirse bir toplant\u0131da, etkinlikte veya \u00f6zel bir davette sizinle olabilirim. L\u00fcks otellerde hizmet sunmaktan zevk al\u0131yorum ancak e\u011fer isterseniz sizinle kendi evinizde de bulu\u015fabilirim. M\u00fckemmel hizmetimi en \u00fcst d\u00fczeye \u00e7\u0131karmak i\u00e7in her t\u00fcrl\u00fc gereksinime yan\u0131t verebilirim.<\/div>\n<div data-v-5be9da9d=\"\">\u00a0<\/div>\n<div data-v-5be9da9d=\"\">En nihayetinde, \u0130stanbul escortlar\u0131n\u0131n en deneyimli ve en kaliteli hizmeti sunan ki\u015fi oldu\u011fumu s\u00f6ylemek istiyorum. Sizlere sunabilece\u011fim bu kaliteli hizmetten emin olabilirsiniz. \u0130stanbul&#8217;un yo\u011funlu\u011fundan ve h\u0131zl\u0131 temposundan uzakla\u015fmak ve rahatlamak istiyorsan\u0131z, kendinize bir iyilik yap\u0131n ve benimle tan\u0131\u015f\u0131n. Sizi en iyi \u015fekilde memnun edece\u011fime eminim!<\/div>\n","protected":false},"excerpt":{"rendered":"<p>Beyler, size biraz kendimden ve sunabilece\u011fim \u00f6zel hizmetlerden bahsetmek istiyorum. Ad\u0131m Ay\u015fe ve bir \u0130stanbul escort olarak \u00e7al\u0131\u015fmaktay\u0131m. \u00a0 Genelde <span class=\"more-text\">&hellip;<\/span><\/p>\n","protected":false},"author":1,"featured_media":0,"parent":0,"menu_order":0,"comment_status":"closed","ping_status":"open","template":"","meta":{"footnotes":""},"class_list":["post-2","page","type-page","status-publish","hentry"],"aioseo_notices":[],"_links":{"self":[{"href":"https:\/\/turkescort.vip\/index.php\/wp-json\/wp\/v2\/pages\/2","targetHints":{"allow":["GET"]}}],"collection":[{"href":"https:\/\/turkescort.vip\/index.php\/wp-json\/wp\/v2\/pages"}],"about":[{"href":"https:\/\/turkescort.vip\/index.php\/wp-json\/wp\/v2\/types\/page"}],"author":[{"embeddable":true,"href":"https:\/\/turkescort.vip\/index.php\/wp-json\/wp\/v2\/users\/1"}],"replies":[{"embeddable":true,"href":"https:\/\/turkescort.vip\/index.php\/wp-json\/wp\/v2\/comments?post=2"}],"version-history":[{"count":2,"href":"https:\/\/turkescort.vip\/index.php\/wp-json\/wp\/v2\/pages\/2\/revisions"}],"predecessor-version":[{"id":13,"href":"https:\/\/turkescort.vip\/index.php\/wp-json\/wp\/v2\/pages\/2\/revisions\/13"}],"wp:attachment":[{"href":"https:\/\/turkescort.vip\/index.php\/wp-json\/wp\/v2\/media?parent=2"}],"curies":[{"name":"wp","href":"https:\/\/api.w.org\/{rel}","templated":true}]}}